is divided by n.
0
Suppose 0*b + 5*b = 3*p - 207, 4*p + b - 276 = 0. Calculate the remainder when 342 is divided by p.
66
Suppose 24 = 3*z - 18. Suppose 10*l - 8 = 13*l + 5*y, -2*y - 4 = l. Calculate the remainder when z is divided by l.
2
Suppose -13*p + 807 = -246. Calculate the remainder when p is divided by 36.
9
Suppose 9*v = 184 - 31. What is the remainder when 183 is divided by v?
13
Let n be (2/10)/(3/15). Let i(l) = 3*l + n - 13*l + 5 - 2. What is the remainder when i(-2) is divided by 13?
11
Let z(o) = -o**2 + o - 1. Suppose 1 = 6*u - 17. Let w(y) = 5*y**2 - 4*y + 1. Let n(b) = u*z(b) + w(b). What is the remainder when 50 is divided by n(3)?
11
Calculate the remainder when 40 + -41 - 366/(-1) is divided by 16.
13
Let i(y) = 2*y**2 + 4*y - 9. Let x be i(-4). Suppose -3*j = -4*q + 12, -2*q - 4*j = -x*q + 14. Let m = 52 - 30. What is the remainder when m is divided by q?
4
Let v = -112 + 116. What is the remainder when 28 is divided by v?
0
Let b(t) = t**3 - 4*t**2 - 27*t + 3. Calculate the remainder when 297 is divided by b(8).
39
Let g(h) = 3*h**2 - 7*h + 5. Let w be g(6). Suppose w + 43 = 2*l. Suppose 3*t = l - 0. What is the remainder when t is divided by 5?
4
Let d(c) = -c**2 - 5*c + 7. Let x be d(8). Let j = -54 - x. What is the remainder when j is divided by 23?
20
Let z = 29 + -12. Let w be 1/(-2)*(3 - 121). Suppose 4*k = z + w. Calculate the remainder when k is divided by 5.
4
Suppose -4*q - 6*g + 108 = -g, -5*g + 54 = 2*q. Calculate the remainder when q is divided by 19.
8
Let a(r) = -32*r - 9. Let y be a(-2). Let u = y - 23. Calculate the remainder when 190 is divided by u.
30
Let t = 98 - -64. Suppose -8*w = 18 - t. Let x(k) = -2*k**3 - 4*k**2 + 3*k + 1. Calculate the remainder when x(-4) is divided by w.
17
What is the remainder when -53*(-5 - (-3 - 1) - 9) is divided by 14?
12
Let r = 295 + -246. Calculate the remainder when 164 is divided by r.
17
Let t(k) = 3*k**2 + 4*k + 2. Let x = -29 + 63. What is the remainder when t(6) is divided by x?
32
Suppose 0 = -3*p - 4*m + 108, -2*p + 5*m - 12 = -61. Calculate the remainder when 59 is divided by p.
27
Suppose -4*w + 2068 = 4*s, -5*w - 11*s + 12*s + 2579 = 0. Calculate the remainder when w is divided by 11.
10
Let q(d) = -d + 35. Let a = 51 + -6. Let h = a - -58. Calculate the remainder when h is divided by q(0).
33
Let z(d) = d**2 - 5*d - 3. Suppose -5*s + 4*x = -0*s - 34, -3*s = 3*x - 15. Let k = 4 + -1. Calculate the remainder when k is divided by z(s).
0
Let a(c) = -9*c**3 + c**2 - c - 1. Let b be a(1). What is the remainder when 14 is divided by (54/15 - 4) + (-44)/b?
2
Calculate the remainder when (-9)/(45/(-80)) + -1 + 2 is divided by 13.
4
Suppose -152 + 462 = 5*n. Suppose 0 = 3*t + 44 - n. What is the remainder when 51 is divided by t?
3
Suppose 71*b = 68*b + 246. What is the remainder when b is divided by 21?
19
Let l be 1/(-2)*(2 + -10)*-1. Let x = 31 + l. Calculate the remainder when 52 is divided by x.
25
Suppose -5*q + k = -64, 5*k = q - 3 - 5. Suppose -5*n = q + 27. What is the remainder when 10 is divided by (-3 - 0)/(4/n)?
4
Let u = -10 + 14. Suppose 7 = -0*s + 2*s - 5*y, -5*s = -5*y - 10. Suppose -u*j + 13 = s. Calculate the remainder when 8 is divided by j.
2
Calculate the remainder when 190*1*(-14)/(-35) is divided by 22.
10
Let y(b) = b**2 + 8*b + 3. Let o be y(-8). Suppose 0 = 2*v - o*d - 41 - 82, 64 = v + d. What is the remainder when v is divided by 13?
11
Let k(d) = -2*d**2 - 11*d - 2. Let p be k(-5). Suppose v = p*v + 5*x - 40, -3*v + 73 = x. What is the remainder when 96 is divided by v?
21
What is the remainder when 43 is divided by 2/(28/62) - 12/28?
3
What is the remainder when 8/(-36) + (-2110)/(-18) is divided by 24?
21
Suppose -5*a + 2 + 338 = 0. Calculate the remainder when a is divided by -12 + -1 - (-2 + -21).
8
Let f(s) = -9*s - 2. Let u = -7 - -2. Suppose 5*k - 4*o = 39 + 60, 0 = -2*k + 2*o + 38. What is the remainder when f(u) is divided by k?
20
Let s(p) = -p**3 + p + 11. Let o be s(0). Suppose 6*y + o = 83. What is the remainder when 47 is divided by y?
11
Let x be 6/7*(26 + 2). Let j = 14 - x. Let m = 31 + j. What is the remainder when m is divided by 8?
5
Calculate the remainder when 102 is divided by (-6)/(-3) + 1 + 5.
6
Let r = 1 + -13. What is the remainder when 17 is divided by (-6)/8 + (-129)/r?
7
Suppose 36 - 297 = -3*a. Let r(z) be the third derivative of -z**6/60 - 3*z**5/10 + 11*z**3/6 - 26*z**2. What is the remainder when a is divided by r(-9)?
10
Suppose -6*u = -20*u + 1568. What is the remainder when 445 is divided by u?
109
Suppose 5*f - 31 = 44. What is the remainder when 35*((-1002)/(-270) + -2 + (-2)/18) is divided by f?
11
Let c = -24 + 55. Suppose -84 = -5*w + 124 + 82. Calculate the remainder when w is divided by c.
27
Suppose 0 = -4*g + g + 102. Let p(h) = h**2 + 7*h + 12. Let q be p(-5). Suppose -q*z = 41 - 59. What is the remainder when g is divided by z?
7
Let d be (-1)/(-4) + 3/((-36)/(-1137)). Let c = d - 68. Calculate the remainder when 78 is divided by c.
24
Suppose -h + 3*o = -37, 2*o + 4 = -4. Suppose -3*z + 4*g = -14 - 28, -z + 5*g + h = 0. Calculate the remainder when z is divided by 3.
1
Let h(a) = -5*a**2 - 29*a + 11. What is the remainder when 102 is divided by h(-6)?
2
Let j(z) = -z**3 - 7*z**2 - 21*z - 12. What is the remainder when j(-6) is divided by 9?
6
Let l(q) = 3*q**2 - 16*q + 12. What is the remainder when l(-4) is divided by 16?
12
Let b(g) = -g - 2. Let d be b(-8). Let j(v) = 3*v - 9. Calculate the remainder when j(d) is divided by 3.
0
Suppose k = 3*m + 62, 0 = -k - 5*m + 39 + 7. What is the remainder when k is divided by 1/((-8)/(-24))*38/6?
18
Let j(t) = -t**3 + 7*t**2 - t + 10. Let g be j(7). Suppose 3*m - 85 = 5*r, -4*m - g*r + 152 = -0*r. Calculate the remainder when m is divided by 19.
16
Suppose 0 = -0*i + 2*i + 8. Let f = i - -12. Calculate the remainder when 10 - (-528)/(-55) - 216/(-10) is divided by f.
6
Suppose 0 = 2*v + l + l - 22, 5*v - 3*l = 71. Suppose -30 = -7*f - 2. Calculate the remainder when v is divided by (-3 - 0) + f - -3.
1
Suppose 6*w - 56 = 352. Calculate the remainder when w is divided by 12.
8
Let n = -45 - -155. Calculate the remainder when n is divided by 20.
10
Suppose -4*d - 833 = -5*z, 3*z + 243 = 2*d + 742. Suppose -5*b - z - 6 = -4*g, -3*g - 5*b = -102. What is the remainder when g is divided by 11?
6
Let q be 3/5 + (-21)/(-15). Let s(v) = 62*v**3 - 4*v + 3. Calculate the remainder when s(1) is divided by q - (0 - -2) - -16.
13
Let y = -216 + 240. Calculate the remainder when 113 is divided by y.
17
Suppose -3*x - x = -u + 81, 0 = -3*u + 4*x + 227. What is the remainder when u is divided by 25?
23
Let d(t) = 3*t - 8. Let w(u) = 6*u - 2. Let v be w(2). Suppose 4*f = -3*n + 272, 3 = -2*f - 3*n + 145. Calculate the remainder when f is divided by d(v).
21
Let r(d) = 6*d**3 + 2*d**2 - 4*d + 2. Let g be r(4). Suppose y - g = -8*p + 4*p, p + 4*y - 93 = 0. What is the remainder when p is divided by 26?
23
Let m(v) = -v**3 + 9*v**2 - 11*v + 27. Let g be m(8). Suppose 158 = 4*s + 2*x, -5*s = g*x - 2*x - 205. Calculate the remainder when s is divided by 9.
6
Let p be ((-70)/63)/5 - (-6754)/18. What is the remainder when 82 is divided by (1/(-3))/(p/126 - 3)?
12
What is the remainder when 276/18*3*2 is divided by (12/(-20))/(-3)*25?
2
Let y = 21 - 7. Suppose 2*a - 108 = 2*k, a - 10 = -3*k + 36. What is the remainder when a is divided by y?
10
Let f be (0/(4 - 2))/(-1). Let p(s) = -8*s**2 - 3*s**3 + 9 + 4*s**3 + 25 + 9*s**2 - s. What is the remainder when p(f) is divided by 12?
10
Let z(o) = o**3 + 13*o**2 - 17*o + 81. What is the remainder when z(-14) is divided by 34?
21
Let i = 122 + -84. Calculate the remainder when 151 is divided by i.
37
Suppose 6*b = 98 + 28. Suppose -n = i - b, 4*i + 3*n = 120 - 36. What is the remainder when i is divided by 11?
10
Let l(g) = -g**3 + 5*g**2 + 12*g - 32. Suppose s = 7 + 12. Suppose -r = -0*r - 5*h - 19, -h = r - s. What is the remainder when r is divided by l(6)?
3
What is the remainder when 13638/30 - ((-189)/35 + 6) is divided by 91?
90
Suppose -30 - 9 = -3*g. Suppose -b = -i + 3, i = -3*b - i + 16. Suppose 6 + 40 = b*p. What is the remainder when p is divided by g?
10
Suppose 451 = v - 3*a, -2*v = 6*a - 2*a - 892. Cal